is the tens digit of a(n)?
1
Suppose -8 + 3 = -3*l - 4*g, -4*l + 5*g + 17 = 0. What is the units digit of l?
3
Let f be 1 + -6 + 4 + 74. Suppose 31 = 2*d + 3*v, -5*d - 2*v + f - 12 = 0. What is the units digit of d?
1
Suppose 4*d = -b + 95, 5*d - 115 = -2*b - 3*b. What is the tens digit of d?
2
Let l be 1/(-4)*(-17 - -9). Suppose -3*u + l*k = -53, 5*k = -0*u + 4*u - 73. What is the tens digit of u?
1
Suppose 0 = 14*r - 21*r + 1029. What is the tens digit of r?
4
Suppose -2*g = 4*b - 1304, -5*b + 4*g - g = -1641. What is the tens digit of b?
2
Let a be (-3)/(-1 + -2) - 5. Let t(f) = -3*f - 3. What is the units digit of t(a)?
9
Suppose -61 = -3*i + 263. What is the hundreds digit of i?
1
Let n be (-95)/15 - 1/(-3). What is the units digit of (2/n)/(1/(-21))?
7
Suppose 0 = 2*h - 1 - 5. Let p(v) = v**h + 7 + 4*v**2 - 6*v**2 - 3*v**2. What is the units digit of p(5)?
7
Let x(h) = 10*h + 12. What is the units digit of x(6)?
2
Let m = 7 - 3. What is the tens digit of m/(-10)*-2*20?
1
Let y(v) = 4*v**3 + 2*v**2 + 6*v + 3. What is the tens digit of y(3)?
4
Let p = 28 - 11. What is the units digit of p?
7
Let a(j) = 27*j + 4. Let m = -19 - -21. What is the units digit of a(m)?
8
Let m be (125/5)/(1/2). Suppose 6*l = l + m. What is the tens digit of l?
1
Let p = -15 - -29. What is the units digit of (-2)/(-4) + 91/p?
7
Suppose 0*o + 118 = 2*o. What is the units digit of o?
9
Let t(y) = y + 1. What is the units digit of t(6)?
7
Let w(n) = n**2 + n. Let j be w(-1). Suppose 3*p + 5*i - 84 = j, -p + 3*i = -i - 28. What is the tens digit of p?
2
Let u(v) = 6*v**2 - 4*v + 12. What is the tens digit of u(-5)?
8
Let o = 19 - 8. Suppose q - 13 = -2*a, 0 = 4*q - a - o - 5. What is the units digit of q?
5
Let r(f) = -f**2 + 2*f + 9. Let m be r(-3). Let o(v) = -6*v - 5. Let k(n) = 11*n + 9. Let y(w) = -3*k(w) - 5*o(w). What is the units digit of y(m)?
6
What is the tens digit of (0 - 4/(-8))*36?
1
Let h(s) = 3*s + 11*s**2 + 3*s**2 - 2*s - 2 + s. Let q be h(-2). Suppose -5*a + 17 - q = -z, z + 2*a + 2 = 0. What is the units digit of z?
8
Let q = 6 - 6. Suppose -5*h + q*y + 61 = -3*y, -3*h - 2*y = -29. What is the units digit of h?
1
Let q(l) = -4*l**2 + l. Let s be q(1). What is the tens digit of 24/5*(-10)/s?
1
Suppose -4 + 0 = f. Let w be 3 + (-3 - f) + -3. What is the tens digit of 12 + 5 + -2 - w?
1
Let t = 30 + -43. Let w = 18 + t. What is the units digit of w?
5
Let p be 1/((-3)/354*-2). Suppose -4*u + p = -37. What is the units digit of u?
4
Let t be (-3)/(5/4 + -2). Let k be 17/4 - 1/t. Suppose 0 = 4*l + k - 32. What is the units digit of l?
7
Let s = -3 - -9. Let o(q) = 2*q - 7. Let t be o(s). Suppose 3*a + t*j = -2, 4*j + 6 + 3 = 5*a. What is the units digit of a?
1
Let q(y) = 4*y**2 + 12*y - 5. What is the units digit of q(-5)?
5
Suppose 4*v + 1 = 4*x + 13, -4*x - 32 = v. What is the units digit of (-1 - x)/2 + 29?
2
Let f(r) = -3*r. Let x(h) = 6*h. Let i(u) = 5*f(u) + 3*x(u). What is the tens digit of i(6)?
1
What is the tens digit of ((-26)/(-65))/(1/25)?
1
Let y(t) = t**3 + t**2 + t + 12. Suppose a + 3*a = 0. What is the tens digit of y(a)?
1
Suppose 6*o = o. Suppose -p + 3*p - 35 = s, o = 3*p + 4*s - 58. Suppose 2*c - 24 = 5*m, -3*c + 6*m + p = 3*m. What is the units digit of c?
2
What is the tens digit of 6/2 - (0 + 2 + -143)?
4
Let b(o) = -o**3 + 6*o**2 - 5*o + 2. Let x be b(5). Suppose -2*w + 3 = -3*j, -w = -2*j - j + 3. Let d = w - x. What is the units digit of d?
4
Let s = 32 - 27. Suppose s*h - 7 = -2. What is the units digit of h?
1
Let f(v) be the second derivative of -2*v + 7/2*v**2 + 0 - 1/12*v**4 + 5/6*v**3. What is the units digit of f(5)?
7
Let z(q) = -2*q - 3. Let x be (6/3 - 0) + -5. Let b be z(x). Suppose b*v = -1 + 7. What is the units digit of v?
2
Suppose -2*r = -2*x + r + 12, 4*r + 16 = -2*x. Let q = x - -5. Suppose -5*y + q*s = -35, 3*y - 31 = s - 0*s. What is the tens digit of y?
1
Let n(t) = 2*t**2 - 5*t - 3. Suppose -3*j = -4*b + 29, -4*b + 0*j - 3*j + 11 = 0. Let k be n(b). Let p = 45 - k. What is the tens digit of p?
2
Suppose -5*f = -6 - 4. Let w(x) = 2*x - 3. Let n be w(f). What is the units digit of -2*2*n/(-4)?
1
What is the hundreds digit of 47*(8/(-28) - 30/(-7))?
1
Suppose 2*r - 17 = -3*r - 3*y, 2*r - 3 = -5*y. Suppose r*f = f. Suppose -5*p + 2*c - 7*c = 15, f = p - c - 7. What is the units digit of p?
2
Let o(q) = q**2 - 15*q. Let a be o(15). Suppose -3*f - 3*s = -18, 3*s + 0 = 2*f + 3. Suppose 0*u = f*r - 3*u - 18, -4*u = a. What is the units digit of r?
6
Suppose 2044 = 13*h + h. What is the units digit of h?
6
Suppose -3*w = -3*i - 24, -3*i = 4 + 5. Suppose 0 = -b - 0*b - d + 10, w*b = d + 20. What is the units digit of b?
5
Let a = -198 - -283. What is the units digit of a?
5
Let g(k) be the third derivative of -k**5/60 - 11*k**4/24 + 2*k**3/3 + k**2. What is the tens digit of g(-8)?
2
Let j be (-565)/(-25) + (-2)/(-5). Let h = j - 10. What is the units digit of h?
3
Let b = 5 + -13. What is the tens digit of 162/4 + 12/b?
3
Suppose -67 = -5*t + 123. What is the tens digit of t?
3
Let s be 18/8 + 2/(-8). Suppose -5*a = -4*a. Suppose -s*l + 3*v = -15, v + 1 + 2 = a. What is the units digit of l?
3
Suppose -4*j = 2*y + 80, 4*j = -y - 0*y - 36. What is the units digit of (-8)/y + 238/22?
1
Let s = 67 + -8. Suppose -3*a + s - 11 = 0. What is the units digit of a?
6
Let q(v) = v**3 + 6*v**2 + 3*v - 6. Let t be q(-5). Let s = t - 2. Let f = s - 1. What is the units digit of f?
1
Suppose 5*l = -12 + 37. Suppose 5*n = -20 - l. What is the units digit of 0/2 + (-25)/n?
5
Let s = 9 + -6. Suppose x = 4*x + s. What is the units digit of (9/x)/(-1 + 0)?
9
Suppose 5*z + p - 707 = 0, -5*z + 704 = -0*z + 2*p. What is the tens digit of z?
4
Let v = -7 + 5. Let y be (-7 - v)*6/(-15). Suppose -4*q + 4 = -y*q. What is the units digit of q?
2
Let a = 163 + -67. What is the tens digit of a?
9
Suppose -w = -36 + 13. What is the units digit of w?
3
What is the tens digit of 2/(-3) - (-1500)/36?
4
Suppose -5*h = 229 + 251. What is the units digit of h/(-56) - 2/(-7)?
2
Suppose 0*w - 8 = -2*w. Let g(h) = -h**3 + 2*h**2 + 3*h + 4. Let o be g(w). What is the tens digit of (-6*1)/3 - o?
1
Suppose 6 + 2 = 2*k. Let t(u) = -u**2 + 2*u + 5. Let a be t(k). Let y = a + 4. What is the units digit of y?
1
Let z be 38 + -1 + -6 + 6. Let m = z + -23. What is the tens digit of m?
1
Let m = -4 - -4. Let b be (2 + 2 + m)/(-1). Let d = -2 - b. What is the units digit of d?
2
Suppose n = -j - 2, 3 = -3*j + 12. Let c = n - -7. What is the units digit of (-1)/c*(-14 + 0)?
7
Let k be 6/(-21) - 48/(-21). Suppose -3*p + 12 = -k*p. What is the tens digit of p?
1
Suppose -9*x + 5*x = -20. What is the units digit of 4/2 + x + 6?
3
Let j(x) = -x**3 - 11*x**2 - 12*x - 15. Let c be j(-10). What is the units digit of (-44)/(-2) + (5 - c)?
2
Suppose 5*l + 12 = -3*k + 2*k, k = 4*l + 6. What is the units digit of ((-26)/8)/(k/8)?
3
Let k(c) = 141*c + 1. What is the units digit of k(1)?
2
Let n be 1 - (-3 + (-3 - -4)). Suppose n*x + 40 = 8*x. What is the units digit of x?
8
Let x be 27/5 - (-3)/5. What is the units digit of (-34)/x*(-9 - -3)?
4
Let n(a) be the second derivative of 7/12*a**4 + a**2 + 0*a**3 - 1/20*a**5 - 2*a + 0. What is the units digit of n(7)?
2
What is the units digit of (-15)/(-3) + -3 + 1?
3
Suppose -10*h = -2 - 48. What is the units digit of h?
5
Let x be 1/5 - (-2457)/65. Suppose 0 = 3*d - x + 8. What is the tens digit of d?
1
What is the tens digit of 1/((-666)/334 - (-1 - 1))?
6
Let b = 36 + -12. What is the units digit of b?
4
Let r(i) = i + 2. Let n be r(0). Let h be (10/3)/((-4)/(-6)). Suppose -t = n*a - 9, 2*t + 17 = h*a - t. What is the units digit of a?
4
Suppose 15 = -5*t - 5. Let z be ((-42)/t)/((-3)/(-4)). Let v = z + -7. What is the units digit of v?
7
Let l = -76 - -128. What is the tens digit of l?
5
What is the tens digit of 4/(-10) + 3726/15?
4
Let f be 6/27 + 4/(-18). Suppose f = -4*u + 4*m + 44, 2*u - 6*u + 12 = 4*m. What is the units digit of u?
7
Let i(f) = 2*f + 23. What is the units digit of i(-7)?
9
Let x = -301 + 421. What is the tens digit of x?
2
What is the units digit of -2 - 3 - (4 + -30)?
1
Let r(a) = -16*a - 20. What is the hundreds digit of r(-15)?
2
Suppose -3*y = -78 + 9. What is the units digit of y?
3
Suppose -